uppose 3 = w + y. Let m be (3/1)/(w/12). Let z(q) = q - 3. Determine z(m).
-7
Let y(d) = -2*d**2 - 2*d + 2. Let o(j) = -j - 20. Let r be o(-17). Give y(r).
-10
Let s = 0 + -1. Let d(p) = -56 - p**2 + 57 + 3*p**2 + 2*p + 0*p**2. Determine d(s).
1
Let o(j) = -3 - 20 + 18 - j. Give o(-5).
0
Let q be (-27)/(-12) - 2/8. Let j(r) = -2*r - r**2 - 3 + 3*r**2 - 4*r**q. Determine j(-2).
-7
Let k(y) be the third derivative of y**4/12 + y**3/6 - y**2. Let s be (7 + (-4)/(4/5))*1. Determine k(s).
5
Let u(k) be the third derivative of -k**4/6 + k**3/2 + 2*k**2. Suppose 0 = -7*v + 2*v, 4*v = -3*b + 6. Determine u(b).
-5
Let m(k) = k**2 + 7*k + 1. Suppose -g = 2*g + 15. Give m(g).
-9
Let x(r) = -r - 8. Let j be x(-13). Let s = j + -1. Let i(f) = f**2 - 5*f + 5. Give i(s).
1
Let s(f) = -f + 1. Let y(o) = o + 6. Let m(h) = -6*s(h) + y(h). Determine m(1).
7
Suppose 3*s - 4*i - 9 + 24 = 0, 0 = -4*s + 2*i - 10. Let q(z) = 3*z**2 - z - 1. Calculate q(s).
3
Let x(n) = -2*n + 4. Let t be (-1)/(((-2)/(-2))/8). Let f = 11 + t. Calculate x(f).
-2
Let b be ((-12)/(-10))/((-3)/(-15)). Let v(l) = 0 + 5*l - 4*l + b + 0*l. What is v(-5)?
1
Let m(g) = -2 + 6*g**2 - 2*g + 3 - 5*g**2. Let s be m(3). Let b(j) = 3*j**2 + s*j**3 + 0*j**3 - 2*j**2. What is b(1)?
5
Let x(w) be the third derivative of w**9/60480 + w**8/20160 - w**7/1260 + w**6/720 - w**5/12 - 4*w**2. Let l(f) be the third derivative of x(f). Give l(-3).
-5
Let w = 3 + 3. Let v(z) = -z**2 + 9*z - 7. What is v(w)?
11
Let n(t) = -3*t**2 - 3*t + 2. Let v(s) = 4*s**2 + 3*s - 3. Let p(q) = 3*n(q) + 2*v(q). Calculate p(-2).
2
Let g = -1 - -3. Suppose -4*t + 20 = -5*u - t, g*t = 2*u + 8. Let a(v) = -v**3 - 3*v**2 + 3*v - 5. Give a(u).
-1
Let r be (12/(-360))/((-4)/5). Let p(o) be the third derivative of 0*o + 0 + 2/3*o**3 + r*o**4 + o**2. Determine p(-5).
-1
Let q(b) be the third derivative of -b**6/120 + b**4/12 - b**3/6 + 6*b**2. Let n be (0/(-2))/2 + 1. Give q(n).
0
Let j(i) = i**2 + 2*i - 1. Let b(d) = -d**3 + 10*d**2 - 10*d + 5. Let h be b(9). Calculate j(h).
7
Let b(p) = -4*p**2 - 5*p - 10. Let s(f) = -5*f**2 - 5*f - 11. Let j(y) = -6*b(y) + 5*s(y). Calculate j(5).
5
Suppose 3*q - 8*d - 67 = -3*d, -q + d = -19. Let g be 4/q - (-45)/(-35). Let c(m) = 11*m - 1. Give c(g).
-12
Let z(s) = 3*s**2 - 1 - 5*s**2 - 4*s + 2. Let c(t) = -2*t**2 - 5*t + 2. Let h(a) = -2*c(a) + 3*z(a). Give h(-2).
-5
Suppose 21 = 5*q - c, 3*q + 2*c = 2 + 8. Let n(z) = 2*z + 4. Let x(u) = -2 - 2 + 3. Let h(b) = -n(b) - 6*x(b). Give h(q).
-6
Let g(x) = -3*x**2 + x + 5. Let u(y) = -2*y**2 + y + 4. Let j(f) = -3*g(f) + 4*u(f). Suppose -m + 2*m = -0*m. Determine j(m).
1
Let t(l) = -6*l + 7*l - 8 + 3. What is t(0)?
-5
Suppose 0 = 3*p + 6, 3*j - 33 = 8*j + 4*p. Let o(n) = 4 + n**2 + n**2 + 0*n + 5*n - n**2. Determine o(j).
4
Let f(p) = 1 + 5 + 0 + p. Suppose 3*z = 5*n - 24, -3*z + 3*n - 12 = -2*z. Calculate f(z).
3
Suppose -4*b - 2 - 22 = 0. Let c = b - -7. Let t(q) = -q**3 - q**2. Determine t(c).
-2
Suppose -12 = -4*l, 3*i + 4*l = -i + 32. Let y(h) be the second derivative of 0 - 2*h - 1/2*h**2 - 1/6*h**3. Give y(i).
-6
Let a(v) = v - 3. Suppose 0 = 5*y - 0*y - 30. Suppose -2*g = -y*g - 20. Give a(g).
-8
Let x = -5 + 8. Suppose -7*y = -3*y - 2*d - 8, y + x*d - 9 = 0. Let n(a) = 1 + a + 2 - 2*a. What is n(y)?
0
Let d(h) = 2*h - 7. Let w(k) = 13*k**3 + k**2 - 1. Let m be w(1). Let q = -7 + m. Give d(q).
5
Let t = 101 - 108. Let c(h) be the third derivative of -h**6/120 - h**5/10 + 3*h**4/8 + 5*h**3/3 - 3*h**2. Calculate c(t).
-4
Let a(n) = n**2 - 2*n + 7. Let c(q) = 3*q**2 - 5*q + 20. Let p(b) = 8*a(b) - 3*c(b). Calculate p(0).
-4
Let c(x) = -7*x**3 + 3*x**2 + x + 4. Let a(w) = -11 - 3*w - 7*w**2 + w + 3 + 21*w**3 - 6*w**3. Let g(f) = -6*a(f) - 13*c(f). Calculate g(-3).
-1
Let p(s) = -1 - 2*s - 1 + 3*s. Let l = -1 + 2. Suppose -5*y - 2*t = t + 37, y + l = t. What is p(y)?
-7
Suppose 3*l = -0*l + 6. Let o(z) = z**2 - 7*z + 1. Let y(w) = -1 + w + 1. Let p(i) = -o(i) - 4*y(i). What is p(l)?
1
Suppose -4*d - 4*z - 48 = 0, z = d - 2 + 12. Let g(c) = c + 15. Let o be g(d). Suppose -3*t + o = -t. Let s(x) = 4*x + 2. Calculate s(t).
10
Let b(r) be the first derivative of r**6/360 - r**5/20 + r**4/3 - 5*r**3/3 - 9. Let y(n) be the third derivative of b(n). What is y(6)?
8
Let j(k) = k**3. Let g(n) = -2*n**3 - 5*n**2 + 4*n - 4. Let r(p) = -g(p) - 3*j(p). Let m = 55 - 39. Suppose -4*l + h + 2*h = -m, -h = 0. Calculate r(l).
4
Let g(t) = -t**2 + 5*t - 4. Let a = 2 + 1. Let n = 8 - a. Suppose n*m - 2*o - 12 = 0, -11 = -5*o + 9. Determine g(m).
0
Let t(w) = -w. Suppose 2*a = 4*f - 10, -4*a + a - 10 = -5*f. Let s(y) = -4 + 6 - y + 0*y + f*y. Let l(b) = s(b) + 6*t(b). What is l(2)?
-2
Let s(f) = -f**2 - 5*f + 6. Let q be s(-6). Let w(x) be the second derivative of -x**2 + 0 + 1/6*x**4 + 2*x + q*x**3. Give w(-2).
6
Let i(y) = -y**3 - 4*y**2 - y - 4. Let p be ((-4)/(-12) + 1)*-3. Calculate i(p).
0
Let k(a) = -a**2 + 6*a. Suppose -3*g + 9 + 9 = 0. Let l be k(g). Let h(p) = p + 2 + l - 3 + 4. Determine h(5).
8
Let d(o) = o**3 + 16 - 8 + 0*o**3 - 6*o**2. Give d(6).
8
Let p(x) be the first derivative of -x**4/4 - 8*x**3/3 - 4*x**2 - 6*x - 3. Calculate p(-7).
1
Let w(b) = 2*b**2 - 23*b + 6. Let s be w(11). Let u(a) = -a**3 - 5*a**2 + 6*a + 6. Determine u(s).
-24
Let b(u) be the second derivative of -u**3/3 + 7*u**2/2 + u - 1. Determine b(7).
-7
Let f be (-2)/(-1)*(-1 + 2). Suppose 4 = f*n - 0. Suppose k - n = -0*k. Let j(g) = -2*g**2 + 4*g - 3. What is j(k)?
-3
Let o(h) = 30*h**2 - 61*h**2 + 28*h**2 - 4*h**3 - 3*h - 2. Determine o(-2).
24
Let w = -19 - -4. Let u = -10 - w. Let v(h) = -3*h + 1. What is v(u)?
-14
Let d be 4/6*(-27)/(-6). Let x(v) = 9*v - 9*v - 2*v**2 - 1 + 3*v**2 - 4*v**d. What is x(-1)?
4
Let j(w) = 1 + w**2 + 8 - 2 - 6*w + 0. Let q be (-9 + 3 + 0)*-1. Determine j(q).
7
Suppose 0*v + 4*w - 15 = -v, -30 = -5*v - 5*w. Let r(x) = -v*x + x - 2*x**2 + 1 - x**3 + 4*x. Determine r(-2).
-3
Let v(n) = -1. Let z(c) = -c**3 - 3*c**2 - 2*c - 8. Let s(r) = 6*v(r) - z(r). What is s(-3)?
-4
Suppose -4 = s - 0*s. Let c be -2 + 4 - (-4 - 0). Let g = s + c. Let u(l) = -l**3 - l**2 + l + 1. Determine u(g).
-9
Let t = -10 - -6. Let r = 6 + t. Let c(p) = 3 - p - p**r - 3*p + 2. Determine c(-5).
0
Let g(v) = -v**3 - 5*v**2 - 3*v + 1. Suppose 3*q = 6, -5*q = -3*z - q - 17. Calculate g(z).
-8
Let r(q) = -q - 8. Let f = 14 + -18. Calculate r(f).
-4
Let q = 3 + -4. Let a(r) = r - 12*r**2 - 5*r**3 + 13*r**2 + r**2. Calculate a(q).
6
Let v(r) = -4*r**2 - 3*r. Let o be 2/2 - (9 - 6). Determine v(o).
-10
Let u(d) = d - 4. Suppose 5*y - 15 = 5*m, 2*m + 9 = m + 3*y. Calculate u(m).
-4
Let l = -18 - -13. Suppose 5*m - 7 = -2*q, -2*q = -3*q - 4. Let g(t) = -m*t**2 - 2*t**2 + 6*t**2 + 5*t. Calculate g(l).
0
Let z(m) = m**2 - 3*m + 1. Let u be 7*5/((-20)/(-8)). Let w = u + -10. Give z(w).
5
Suppose -2*x + 16 = 2*x, -3*s - 3*x + 21 = 0. Let o(m) = -2*m**2 + s*m**2 - 7 + 6*m - 2*m**2. Suppose -q - 6*n = -7*n - 7, -q - 2*n + 1 = 0. Calculate o(q).
-2
Suppose -7 = -4*i + 1. Let f(m) be the third derivative of -m**6/120 + m**3/6 + 10*m**2. What is f(i)?
-7
Let n(v) be the third derivative of -3*v**5/40 + v**3/2 + v**2. Let p(r) be the first derivative of n(r). What is p(1)?
-9
Let m(f) = 4 - 2*f**2 + 55*f + f**2 - 2 - 58*f. Calculate m(-5).
-8
Let u(j) = j**2 - 2. Let o(s) = -s**2 - 2. Let f be o(4). Let i = -12 - f. Suppose -i = -4*c + c. Give u(c).
2
Let k be (5 + -2 - 4)/(-1). Let y(n) = -19*n. Give y(k).
-19
Let q(l) be the third derivative of l**7/504 + l**5/20 - 3*l**2. Let b(a) be the third derivative of q(a). Determine b(1).
10
Let h = -2 + 0. Let o(y) = -5*y - 1. Calculate o(h).
9
Let w(k) = -k**2 - 5*k - 5. Let f(x) = x - 15. Let o be f(11). Determine w(o).
-1
Let h(v) be the third derivative of -1/8*v**4 + 1/15*v**5 + 0 + 0*v - 1/120*v**6 - 2*v**2 - 1/3*v**3. Determine h(3).
-2
Let w(a) = a**2 - 4*a. Let c be w(2). Let l(f) be the second derivative of -f**3/2 - 3*f**2 - f. Give l(c).
6
Let j(d) = -10 + 46*d + 49*d + d**2 - 100*d. Give j(7).
4
Let i(q) be the first derivative of q**4/12 + 5*q**3/6 + 4*q + 5. Let x(b) be the first derivative of i(b). What is x(-4)?
-4
Let q = 60 + -62. Let g(a) = -a**3 + a + 1. What is g(q)?
7
Let f(k) be the first derivative of -1/4*k**4 - 4/3*k**3 - 8 - 